f s and 5?
5
Let f be 11 - 1/3*6. What is the greatest common factor of 36 and f?
9
Let l = -10 + 23. Let f = -7 + l. Let r = 6 - 4. What is the greatest common divisor of r and f?
2
Let l be (-32 - -2)*(-1)/2. What is the greatest common divisor of 10 and l?
5
Let u(j) = j**2 - 5*j - 6. Let b be u(8). What is the highest common factor of b and 144?
18
Let v(h) = 3*h**2 + 13*h + 6. Let y be v(-5). What is the greatest common factor of 48 and y?
16
Let o = 56 - -55. Calculate the greatest common divisor of o and 37.
37
Let t be 1/(-2) + (-29)/(-2). Let n(d) = -d**3 + 10*d**2 - 17*d + 22. Let g be n(8). What is the highest common factor of t and g?
14
Let f(t) = t**3 + 4*t**2 + t + 2. Let a be f(-3). Calculate the highest common factor of 12 and a.
4
Let r(l) = -l**3 - 5*l**2 - l + 4. Let z be r(-5). Let s(y) = y - 10. Let o be s(z). Let t be (385/(-15))/(o/3). What is the greatest common divisor of 7 and t?
7
Let l = -16 + 68. Suppose c + l = 5*c. Calculate the greatest common divisor of 65 and c.
13
Let g = 712 - 481. What is the greatest common factor of 33 and g?
33
Let y(k) = 44*k + 6. Let d be y(6). Calculate the highest common factor of 30 and d.
30
Let s = 5 + -5. Let r(q) = q**3 - q**2 - q + 13. Let n be r(s). Let o be (0 - 1)*13/(-1). Calculate the greatest common factor of o and n.
13
Suppose 4*b - 160 = -b. Suppose -q - b = h - 138, -94 = -h - 4*q. What is the greatest common factor of 10 and h?
10
Let y = -554 - -802. What is the highest common factor of 31 and y?
31
Let u = 8 + -3. Let h(n) = n**3 - n**2 - 5. Let m be h(u). Suppose -x = -0*k - 3*k + 55, -x = -5*k + m. What is the highest common divisor of k and 5?
5
Let s = -15 + 19. Calculate the greatest common factor of s and 10.
2
Suppose -4*k - 4*p + 16 = 0, -2*k + 3*p = 7 + 5. Let o be 2 - k - 3 - -53. Suppose 0 = 3*n - 248 - o. Calculate the highest common factor of 40 and n.
20
Let j be 2/(-10) + 18/15. Let d be 0 + -5*(-2 + j). Let v be (-152)/(-6) + 2/(-6). Calculate the highest common factor of v and d.
5
Let f(w) = 61*w**2 + w. Let q be f(-1). Suppose -3*c + 24 = -2*c. What is the greatest common divisor of c and q?
12
Let h be (15/4)/((-27)/(-72)). Suppose 0 = 2*f + 4, -3*f - 2 = 4*d - 0. What is the highest common factor of h and d?
1
Suppose -5*a + 8*l - 3*l = -10, -3*a + 4*l + 2 = 0. Suppose 2 = p - 16. What is the highest common divisor of a and p?
6
Let j = 14 + -12. Suppose -5*o = 3*v - 67, 0 = -3*o + j*o - 3*v + 11. What is the highest common factor of 21 and o?
7
Let n(l) = -l**3 - l**2 + 5*l + 4. Let h be n(-3). Let r(s) = -1 - 5 + 4*s**2 + 4*s - 2*s**2. Let y be r(-6). What is the greatest common factor of y and h?
7
Let j(u) = -u**2 + 4*u + 19. Let l be j(4). What is the highest common factor of 95 and l?
19
Suppose 3*q = -q + 4. Let x(c) = 6*c + 1. Let u be x(q). Calculate the greatest common factor of 1 and u.
1
Suppose s - r - 13 = 12, -s - 4*r = -15. Let a(x) = 41*x + 7. Let l be a(6). Calculate the greatest common factor of s and l.
23
Let g(u) = u**3 - 5*u**2 - 2*u - 8. Let s = 8 + -2. Let p be g(s). What is the greatest common divisor of p and 4?
4
Suppose -k + 0 = -3. Suppose 4*f - 4*q - 64 = 0, 69 = 4*f - 2*q - q. Calculate the greatest common divisor of f and k.
3
Suppose -10 = -2*q - 3*q. Suppose 3*h + q - 17 = 0. Let f be (-18)/8*5*-4. What is the greatest common divisor of f and h?
5
Let b = -8 + 13. Suppose b*x + 2*o = -2, 2*x - 7*x = -2*o - 2. Suppose d = -x*d + 25. What is the highest common factor of d and 5?
5
Let v be (3 - -60) + -1 + -2. Suppose v = -0*w + 5*w. Calculate the greatest common divisor of w and 84.
12
Suppose 3*r = -2*h + 7, -3*r = r - 3*h - 15. What is the greatest common divisor of r and 21?
3
Let u(r) = -2*r**3 - 5*r**2 + 5*r + 5. Let y be u(-4). Let l be (y/12)/(1/4). Calculate the greatest common factor of 44 and l.
11
Suppose 325 = 4*c - 155. Let s = c + -50. What is the greatest common factor of 10 and s?
10
Let x = 83 - 59. What is the greatest common factor of x and 3?
3
Let o(a) = -2*a + 2. Let t be o(3). Let w be 5/(-10) + (-18)/t. Suppose 7*g = w*g + 189. Calculate the greatest common factor of 9 and g.
9
Suppose -3*m - m = -k - 34, 0 = m + 5*k + 2. Let u be (m/(-3))/((-8)/36). Calculate the highest common factor of u and 48.
12
Let i(t) = t**2 + 7. Let q be i(7). Suppose 1 = 2*w - 3. Suppose -x + 7 = b + b, 14 = w*x - 4*b. What is the highest common factor of x and q?
7
Suppose 0 = 4*t - 5*y - 40, 5*t - 50 = y + y. What is the greatest common factor of 50 and t?
10
Let x = 58 - 36. Suppose 5*a - 3*o - 70 = 0, 5*a - 65 = 2*o - 0*o. Calculate the greatest common factor of x and a.
11
Suppose -12 = -3*s - s. Calculate the greatest common factor of 6 and s.
3
Suppose 0 = -r - 4, -4*p + 323 + 45 = 3*r. What is the highest common factor of 5 and p?
5
Let j be (1 + -5)*3/(-3). Suppose 0 = 3*a + u + 4, 4*u = j*a - 0*u. Let c be (15*1 - a) + 0. What is the greatest common factor of c and 144?
16
Let j = -130 + 62. Let u be (4 - 6) + 22*-5. Let f = j - u. Calculate the greatest common divisor of 11 and f.
11
Suppose -4*o + w - 10 = -5*o, -3*w = -4*o + 26. Let n(x) = -x + 10. Let s be n(0). Let j be 256/s + o/20. Calculate the greatest common divisor of 39 and j.
13
Let o(j) = 2*j**2 + j - 2. Suppose -4*y = -4 + 12. Let z be o(y). What is the greatest common factor of 20 and z?
4
Let t be -1*(-1)/(-1)*-7. Let m(i) = -i**3 - 11*i**2 - 9*i + 11. Let r be m(-10). What is the greatest common divisor of t and r?
1
Let r be 6*((-2)/(-2) - 0). Let d = 7 - 8. Let x(h) = 3*h**2 + h. Let b be x(d). What is the greatest common divisor of r and b?
2
Let p be (-7)/(-14)*(112 - 2). What is the highest common factor of 22 and p?
11
Suppose 139 = 10*v - 421. What is the highest common factor of 24 and v?
8
Let j(g) = 2*g**2 - 13*g - 29. Let r be j(18). What is the highest common divisor of 35 and r?
35
Suppose 400 = -6*y + 11*y. Calculate the highest common factor of y and 16.
16
Suppose -10 = -4*p + 5*w - 4*w, -w = p. Suppose 0*k = 4*k + 12, o + 9 = -3*k. Suppose 12 = p*y - o*y. What is the highest common divisor of y and 12?
6
Let s be (2/(-4))/(2/(-280)). Suppose 5*m - 2*m - 42 = 0. Calculate the highest common factor of s and m.
14
Let y = -18 - 16. Let p = y - -68. Calculate the greatest common divisor of 374 and p.
34
Let n(m) = -m**2 - 4*m - 4. Let r be n(-3). Let u be ((-8)/1 + 0)*r. Suppose -20 = -2*t + 4. What is the highest common factor of t and u?
4
Let l be (-1)/2*-1*36. Let i = -53 + 80. Calculate the greatest common factor of l and i.
9
Let p be (-4 + 3)/((-4)/32). Calculate the greatest common factor of p and 8.
8
Suppose 0*g = 5*g - 5. What is the highest common factor of 1 and g?
1
Let q = -37 - -52. Let i be 12/(-36) + 722/6. Calculate the highest common factor of q and i.
15
Suppose w - 4 = -w. Suppose 4*h = -5*r + 3*h + 148, -52 = -w*r + 2*h. Let n = r + -1. Calculate the greatest common factor of n and 7.
7
Let j(k) = 14*k. Let h be j(7). Let s(z) = -z + 10. Let f be s(-4). What is the greatest common divisor of f and h?
14
Let i(o) = 76*o**3 + 2*o - 1. Let f be i(1). Let p be 20/30 - 140/(-6). Let c = p - 17. Calculate the highest common factor of f and c.
7
Let p = -121 + 153. Calculate the highest common divisor of p and 16.
16
Let y = -6 + 34. Let f(i) = -i**3 - 6*i**2 - 3*i + 14. Let l be f(-5). Calculate the greatest common divisor of y and l.
4
Let q be 24*(-4 - 0 - -5). Let j = 3 + 1. What is the highest common factor of j and q?
4
Suppose 0 = -5*i - 21 + 251. Suppose 310 = 3*r + i. Calculate the highest common divisor of 8 and r.
8
Suppose 3*r + r = 5*z - 90, -3*r = z - 37. Let h(n) = n + 1. Let m be h(3). Suppose c + 33 = m*c. What is the greatest common divisor of z and c?
11
Let k(d) = 5*d**3 - d**2 + d - 1. Let u be k(1). Suppose 2*r = -c + 19, -4*c - u*r = -56 - 20. Let f = c - 5. Calculate the greatest common factor of f and 98.
14
Suppose 6 = -2*q + q - 3*k, -q + 3*k = -18. Suppose -4*p + 52 = 4*s, 2*s + q = 2. Suppose -p = -g + 29. What is the greatest common divisor of 4 and g?
4
Let r = -8 - -15. Suppose 3*l - r = 59. Suppose 2*b - a = 5, 2*b = 3*a + 12 - 5. What is the highest common factor of b and l?
2
Suppose 95 - 16 = v. Let m(i) = 4*i**2 + 3*i - 3. Let l be m(-6). Let a = l - v. What is 